).
-279
Let b(k) = -22*k**2 + 3*k + 2. What is b(1)?
-17
Let w(q) = -2*q**2 - 42*q - 67. Give w(-18).
41
Let b(i) = -3*i**2 - 1369*i - 5454. Determine b(-4).
-26
Let s(p) = -65*p + 121. Determine s(9).
-464
Let y(s) = -s**3 + 7*s**2 + 81*s - 61. Determine y(13).
-22
Let b(f) = 21*f + 106. Calculate b(-5).
1
Let y(b) = b**2 - 16*b - 151. Calculate y(22).
-19
Let o(w) = -12*w**3 + 7*w**2 - 3. Give o(2).
-71
Let o(u) = -8*u**2 + 163*u - 38. What is o(20)?
22
Let p(w) = 6*w**2 + 72*w + 111. Calculate p(-10).
-9
Let i(n) = n**3 + 19*n**2 + 41*n + 122. Determine i(-17).
3
Let i(a) = -2*a**3 + 30*a**2 - 30*a + 31. Calculate i(14).
3
Let m(r) = 337*r - 4375. What is m(13)?
6
Let p(l) = l**3 - 3*l**2 - 281*l + 841. Give p(3).
-2
Let d(t) = -2*t**2 + 4*t - 44. Calculate d(9).
-170
Let f(b) = b**3 + 43*b**2 + 88*b - 48. Give f(-41).
-294
Let d(v) = -23449*v - 93800. Calculate d(-4).
-4
Let q(l) = 2*l**2 + 9*l + 12. Give q(-6).
30
Let k(d) = 2*d**2 - 14*d - 23. What is k(7)?
-23
Let y(s) = -9*s - 121. What is y(-13)?
-4
Let h(a) = -3*a**2 + 79*a + 550. What is h(32)?
6
Let f(l) = 86*l + 249. Calculate f(-6).
-267
Let q(c) = 96*c + 1270. Give q(-13).
22
Let o(m) = -20*m**2 - 4*m - 16. Calculate o(-3).
-184
Let p(w) = -209*w - 17557. Determine p(-84).
-1
Let h(f) = f**2 + 1061*f + 116176. What is h(-124)?
-12
Let p(v) = -v**2 - 14*v + 178. Calculate p(-18).
106
Let d(c) = -1080*c + 6473. Give d(6).
-7
Let o(d) = -1391*d - 2785. Give o(-2).
-3
Let o(f) = 16*f**2 - 110*f + 77. Determine o(6).
-7
Let n(x) = x**3 - 18*x**2 - 4*x + 80. Calculate n(18).
8
Let x(d) = 2*d**2 + 236*d + 928. Determine x(-114).
16
Let t(g) = g**2 - 9*g - 162. Give t(-12).
90
Let j(o) = o**2 - 5*o - 8569. Give j(95).
-19
Let a(y) = 79*y + 161. What is a(-5)?
-234
Let y(p) = -7*p**3 - 61*p**2 - 61*p + 2. Give y(-1).
9
Let w(n) = 18*n + 897. Determine w(-50).
-3
Let h(i) = i**2 - 2750*i + 27389. Calculate h(10).
-11
Let p(w) = w**3 + 25*w**2 + 376*w + 2639. Determine p(-12).
-1
Let w(g) = -36*g - 7485. Determine w(-209).
39
Let k(v) = -v**3 - 12*v**2 - 8*v + 38. Calculate k(-11).
5
Let i(h) = h**2 - 29*h - 3333. Give i(74).
-3
Let n(r) = 16*r - 605. Calculate n(32).
-93
Let j(l) = 3*l**3 - 5*l**2 - 23. What is j(4)?
89
Let s(t) = -139*t - 853. Give s(-6).
-19
Let p(a) = a**3 + a**2 + 62*a - 61. Give p(1).
3
Let k(q) = -152*q + 292. What is k(4)?
-316
Let j(f) = -7*f**2 + 1260*f - 1268. What is j(179)?
-15
Let z(s) = 147*s**2 - 732*s - 34. Give z(5).
-19
Let r(y) = 2*y**2 - 330*y + 2563. Give r(8).
51
Let v(s) = -4*s**3 - 4*s**2 + 72*s + 85. Determine v(-4).
-11
Let y(c) = 16*c + 58. What is y(-3)?
10
Let b(a) = 3*a**2 - 43*a - 46. Give b(15).
-16
Let b(o) = 3*o**2 + 63*o + 213. Give b(-15).
-57
Let x(g) = 133*g**2 - 259*g + 2. What is x(2)?
16
Let w(j) = 137*j + 2612. What is w(-19)?
9
Let g(t) = 105*t + 4909. What is g(-47)?
-26
Let r(f) = f**2 - 28*f + 104. What is r(6)?
-28
Let y(x) = 30*x**2 + 267*x - 18. Give y(-11).
675
Let m(o) = 128*o - 797. Determine m(6).
-29
Let j(g) = 300*g + 28214. Give j(-94).
14
Let o(n) = 878*n + 1780. What is o(-2)?
24
Let i(p) = 6213*p + 173961. Give i(-28).
-3
Let u(f) = -140*f**2 + 9*f - 1. Determine u(2).
-543
Let a(b) = -819*b - 176. Determine a(0).
-176
Let b(m) = -24*m + 60. Determine b(6).
-84
Let h(s) = -46*s + 1738. Determine h(38).
-10
Let a(u) = 2*u**2 - 473*u - 1435. What is a(-3)?
2
Let h(t) = t**3 - 45*t**2 - t - 15. Give h(45).
-60
Let n(y) = -30*y - 3501. What is n(-118)?
39
Let b(x) = 33*x - 6. Calculate b(-3).
-105
Let u(w) = -29*w - 125. Determine u(-7).
78
Let w(o) = -91*o + 1618. What is w(18)?
-20
Let u(i) = -4*i**3 - i**2 - 9*i - 9. Give u(-1).
3
Let v(f) = -8*f**2 + 42*f + 83. What is v(14)?
-897
Let y(o) = 2*o**3 + 35*o**2 + 10*o - 38. Calculate y(-17).
81
Let m(v) = -61*v**3 + 10*v**2 - 9*v + 8. Calculate m(1).
-52
Let t(x) = x**3 + 50*x**2 + 81*x - 717. What is t(-48)?
3
Let r(k) = 22*k - 303. Determine r(15).
27
Let q(d) = 2*d**3 + 99*d**2 - 723*d + 274. Give q(-56).
-6
Let q(c) = 3126*c + 89. Calculate q(0).
89
Let y(q) = -q**2 - 2*q - 35. What is y(-9)?
-98
Let j(u) = -17*u**2 + 179*u + 78. Determine j(11).
-10
Let k(g) = 133*g**2 + 90*g + 1. Calculate k(-1).
44
Let o(h) = 2559*h + 2572. Determine o(-1).
13
Let h(m) = -2*m**2 - 54*m + 258. Give h(-31).
10
Let b(t) = t**2 + 221*t + 5245. Give b(-27).
7
Let n(i) = -52*i - 2687. Give n(-49).
-139
Let k(s) = -58*s - 481. What is k(-8)?
-17
Let a(y) = -y**2 - y - 29. What is a(-5)?
-49
Let h(l) = -l**3 + 3*l**2 - 3*l - 23. What is h(0)?
-23
Let h(z) = -2*z**3 - 13*z**2 + 73*z + 9. What is h(-10)?
-21
Let c(x) = 22*x**2 - 87*x + 10. Give c(4).
14
Let s(n) = n**3 + 66*n**2 + 216*n + 23942. What is s(-68)?
6
Let z(x) = 10*x**2 - 281*x + 288. Calculate z(27).
-9
Let k(y) = -2*y**2 - 77*y - 715. Give k(-16).
5
Let z(p) = -63*p - 638. Determine z(-10).
-8
Let p(u) = 113*u - 12. Give p(-2).
-238
Let j(y) = -277*y + 3597. Calculate j(13).
-4
Let i(j) = -9*j**3 - 2*j**2 + 22*j - 44. What is i(2)?
-80
Let w(k) = k**3 + 8*k**2 - 6*k - 9. What is w(-8)?
39
Let i(m) = m**2 + 77*m + 839. Give i(-64).
7
Let u(o) = -o**2 + 350. Determine u(-18).
26
Let s(w) = -w**3 - 246*w**2 + 20*w + 4914. Determine s(-246).
-6
Let q(i) = 105*i + 1987. Give q(-19).
-8
Let v(t) = 220*t - 3965. Calculate v(18).
-5
Let y(q) = 51*q**2 + 64*q + 63. Calculate y(-1).
50
Let q(r) = 2*r**2 - 18*r + 66. Determine q(5).
26
Let k(q) = q**2 + 106*q - 1859. Determine k(-121).
-44
Let h(n) = -n**2 + 99*n + 931. Determine h(-9).
-41
Let d(g) = g**3 + 2*g**2 - 177*g - 356. Give d(-2).
-2
Let a(o) = -o**3 - 91*o**2 - 349*o - 91. What is a(-87)?
-4
Let l(x) = -153*x - 994. What is l(-6)?
-76
Let g(y) = -10*y**3 + 25*y**2 - 37*y + 11. Calculate g(1).
-11
Let d(t) = -417*t + 2938. What is d(7)?
19
Let o(b) = -2*b**3 - 165*b**2 - 84*b - 161. Give o(-82).
3
Let u(d) = -17*d**3 + 3*d**2 + 24*d - 26. Calculate u(1).
-16
Let g(f) = 12*f + 729. Calculate g(-49).
141
Let d(i) = -612*i + 1215. What is d(2)?
-9
Let y(s) = -s**2 - 145*s - 286. Give y(-143).
0
Let f(p) = -p**3 - 15*p**2 + 61*p + 726. Give f(-16).
6
Let m(j) = 2*j**2 - 19*j - 1515. Calculate m(33).
36
Let w(u) = -u**2 + 87*u + 95. Give w(88).
7
Let y(o) = 19*o - 18. What is y(18)?
324
Let t(a) = -a**3 - 26*a**2 - 25*a + 7. Give t(-25).
7
Let n(q) = -3*q**2 + 123*q - 705. What is n(7)?
9
Let b(c) = c + 35. Calculate b(17).
52
Let y(z) = 2*z**3 + 13*z**2 - 15*z - 42. What is y(-7)?
14
Let k(p) = 42*p**2 + 1974*p - 31. What is k(-47)?
-31
Let b(q) = q**2 - 18*q + 96. Determine b(11).
19
Let s(l) = -l**2 + 10*l + 948. Give s(36).
12
Let i(y) = -y**2 - 89*y - 302. Determine i(0).
-302
Let b(a) = 3*a**2 - 70*a - 17. What is b(19)?
-264
Let r(k) = 6427*k + 263517. Give r(-41).
10
Let g(p) = p**2 - 89*p - 881. What is g(98)?
1
Let q(n) = -6*n**2 - 321*n - 122. What is q(-53)?
37
Let j(a) = 34*a + 351. Determine j(-13).
-91
Let g(y) = 2*y**3 + 5*y**2 + 6*y + 20. What is g(-4)?
-52
Let o(k) = -k**2 + 13*k + 80. Calculate o(-5).
-10
Let o(a) = a**2 - 580*a - 4710. Determine o(-8).
-6
Let b(j) = -11*j + 535. Calculate b(36).
139
Let z(m) = 59*m - 213. What is z(6)?
141
Let z(a) = -a**3 - 9*a**2 - 76*a + 178. Give z(2).
-18
Let f(d) = -3*d**2 - 58*d + 47. Calculate f(-22).
-129
Let t(w) = 116*w + 770. Give t(-7).
-42
Let n(l) = -27*l - 929. Give n(-42).
205
Let n(s) = -s**3 + 80*s**2 + 19*s - 1510. Give n(80).
10
Let s(g) = -g**3 - 6*g**2 - 80*g - 291. What is s(-4)?
-3
Let k(j) = -866*j + 114313. Give k(132).
1
Let b(u) = -2*u**2 - 66*u - 347. Calculate b(-27).
-23
Let l(y) = -y**2 + 7*y - 24. Calculate l(-11).
-222
Let w(u) = 10*u**3 - 31*u**2 + 141*u - 428. Calculate w(3).
-14
Let s(g) = -g**3 + 53*g**2 - 201*g + 94. Determine s(49).
-151
Let o(u) = 11*u**2 + u + 302. Give o(0).
302
Let m(f) = -2*f**2 + 1303*f + 6578. Give m(-5).
13
Let l(n) = n**2 + 256*n + 9970. What is l(-48)?
-14
Let n(r) = -8*r**2 - 26*r - 3. Determine n(-3).
3
Let a(p) = 2*p**3 - 32*p**2 - 38*p + 19. Give a(17).
-49
Let k(o) = -5*o**2 - 104*o + 90. Determine k(-24).
-294
Let f(c) = -c**2 + 41*c - 203. Calculate f(9).
85
Let r(x) = 3*x + 159. Calculate r(-51).
6
Let o(j) = 74*j**2 - 22*j + 4. What is o(-2)?
344
Let j(r) = -r**3 - 15*r**2 - 264*r - 3109. Calculate j(-13).
-15
Let a(p) = p**3 + 14*p**2 - 71*p +